20 - 10. What is the remainder when 26/(1 - (-1)/(-3)) is divided by x?
9
What is the remainder when (-223)/(-17) + 22/(-187) is divided by (12/(-5))/((-6)/20)?
5
Suppose d - 5*q - 190 = -d, -380 = -4*d - 3*q. Calculate the remainder when d is divided by 25.
20
Suppose -3*v + 5*x + 3 = -19, -4*x = -v + 12. Suppose v*t - 37 = 15. Calculate the remainder when t is divided by 4.
1
Let t(b) = 6*b**2 + 3*b + 2. What is the remainder when 9 is divided by t(-1)?
4
Suppose 34 = 2*d - 20. Let f be (74 - 1) + 0 - 3. Suppose -f = -5*j - 0*j. What is the remainder when d is divided by j?
13
Let m(q) = q**3 + 5*q**2 + 3*q - 3. Let g be m(-3). Let d = 10 - g. Let s = 22 + -7. What is the remainder when s is divided by d?
3
Suppose -a + 4*k + 14 = 0, 2*k + 66 = 4*a - 4. Calculate the remainder when 69 is divided by a.
15
Let m(u) = 5*u**2 + 2*u. Let o = -21 - -19. What is the remainder when 77 is divided by m(o)?
13
Suppose 8*d - 15 = 3*d. Let a = 67 + -29. Suppose 4*w + d*q + 0*q = 39, 4*w + 2*q - a = 0. Calculate the remainder when 25 is divided by w.
7
Suppose -52 = -8*b + 4*b. Calculate the remainder when 23 is divided by b.
10
Let l(k) = 6*k**2 - k + 1. Let r be l(1). Suppose r*q - 48 = 2*q. Suppose q = 2*z - 44. Calculate the remainder when z is divided by 10.
8
Suppose -4*k = 5*a - 84, 0*k - 29 = -2*a + 3*k. Let o = a + 0. What is the remainder when 31 is divided by o?
15
Let w(q) = -q + 22. What is the remainder when 109 is divided by w(8)?
11
Suppose 9 = 4*h - 7. Suppose -13 = -h*d + 15. Calculate the remainder when d is divided by 3.
1
Suppose 0 = -3*j - 7 + 46. Suppose -45 = -4*h - 2*s - 177, 3*s = 2*h + 50. Let b = h - -56. What is the remainder when b is divided by j?
12
Let l(d) = -d**2 - 14*d + 12. Calculate the remainder when 73 is divided by l(-13).
23
Let x = -22 + 41. Calculate the remainder when 49 is divided by x.
11
Let d(h) = -h**3 - 7*h**2 - 4*h - 5. Let q be d(-5). Let f = 68 + q. Calculate the remainder when 64 is divided by f.
31
Let a = 8 - -4. Calculate the remainder when 22 is divided by a.
10
Suppose r = 6*r + 4*n - 318, n = -r + 63. What is the remainder when r is divided by 17?
15
Suppose 5*y + 5*b = -25, -2*b - 6 - 6 = 4*y. Let q = -2 + -1. Let a = y - q. Calculate the remainder when a is divided by 1.
0
Suppose -j - 3*n - 4 = -2*n, 2*n = 10. Let p = 1 - j. What is the remainder when p is divided by 6?
4
Let s = -16 + 10. Let q(b) = b**2 + 6*b + 17. Calculate the remainder when q(s) is divided by 5.
2
Suppose -3 = 3*a, 3*a - 114 = -0*o - 3*o. Calculate the remainder when o is divided by 16.
7
What is the remainder when 113 is divided by (3 + -4 + -2)/((-1)/13)?
35
Let b = -82 + 96. What is the remainder when 136 is divided by b?
10
Suppose -2 = -2*d + 4. Suppose -d*s + 52 = s. What is the remainder when 22 is divided by s?
9
Suppose -3*q - 2*w = -0*w, w = -3*q. Suppose -m + n + 17 = q, -17 = -m - 2*n - 3*n. What is the remainder when 50 is divided by m?
16
Let l be ((-1)/3)/(2/174). Let q = l - -56. What is the remainder when q is divided by 15?
12
Let a(s) = 9*s**2 + 3*s - 2. Let f = -71 - -104. Suppose -6*w = -2*o - w + f, 13 = o + w. What is the remainder when a(2) is divided by o?
12
Suppose 2*p + 0 - 6 = 0. Let d be 2/p + 30/9. Suppose -3*s + d = 3*y + 1, y + 2*s + 3 = 0. What is the remainder when 14 is divided by y?
4
Suppose 4*v = 6*v, -5*r = -2*v. Calculate the remainder when 39 + r + 3 + -1 is divided by 14.
13
Suppose c + 4*c - 357 = -3*x, 4*c - 260 = 4*x. Calculate the remainder when c is divided by 25.
19
Let s be (1/1 - -15) + 2. Let j = s - -37. What is the remainder when j is divided by 19?
17
Suppose -j - 4*j + 105 = 5*w, 2*w - 56 = 5*j. Calculate the remainder when 114 is divided by w.
22
Suppose -4 = -4*f, 5*a + 12 = -3*f - 10. Let d = a - -7. Suppose j + 3*j - d*x = 20, -4*j + x = -16. What is the remainder when 7 is divided by j?
1
Let a(x) = x - 4. Let i be a(6). Let b(g) = g**i - 1 + 1 + 5*g - 2. Calculate the remainder when 10 is divided by b(-6).
2
Let z(s) = -s**2 - 12*s - 3. What is the remainder when 97 is divided by z(-6)?
31
Let t = 21 + -8. What is the remainder when 49 is divided by t?
10
Calculate the remainder when 34 is divided by -114*(3 + 95/(-30)).
15
Suppose -p - 3*p + 72 = 4*b, 2*b - 102 = -5*p. Let t = 9 - -14. Suppose -17 - t = -5*x. Calculate the remainder when p is divided by x.
6
Suppose 0 = -2*u - 2*u + 92. Let m = 24 - 41. Let v = m - -25. Calculate the remainder when u is divided by v.
7
Suppose 3*b + 4*z = 44, -2*z = 2*z + 4. Let s = -3 + b. Let v(n) = -8*n - 5. What is the remainder when v(-7) is divided by s?
12
Let p(n) = n**2 + 22*n + 3. What is the remainder when 63 is divided by p(-23)?
11
Let z = 0 - -3. Suppose -2*q + 54 = 4*h, 3*h + q = -2*h + 63. Suppose -4*f + 8 + h = 0. What is the remainder when f is divided by z?
2
Let i(u) = -6*u - 4. Suppose 36 - 1 = 5*t. Calculate the remainder when i(-4) is divided by t.
6
Let n = -33 - -47. Calculate the remainder when 39 is divided by n.
11
Let o = 113 - -53. Let w = 6 - 3. Suppose -5*s + h = -o, -5 = -2*h + w. What is the remainder when s is divided by 12?
10
Let v(i) = i - 1. Let s be v(4). Suppose -s*m + 13 = -u - u, -u = 5*m - 13. What is the remainder when 12 is divided by m?
0
Let l(p) = 3*p**2 - 4*p - 5. Calculate the remainder when l(-3) is divided by 6.
4
What is the remainder when 55 is divided by -15*(-3 + 5)/(-2)?
10
Suppose x + 1 - 5 = 0. Suppose -x*v = -3*v - 15. Suppose 2*y = -0*y - t + 51, -v = 5*t. Calculate the remainder when y is divided by 14.
13
Let l = -7 - -14. What is the remainder when l is divided by 5?
2
Suppose -125 = -3*u + 28. Calculate the remainder when u is divided by 3/(7/6 - 1).
15
Let u = -25 - -30. Suppose -3*g - 176 = -5*j, -g + 90 = u*j - 98. Calculate the remainder when j is divided by 78/8 + 2/8.
7
Let u(m) = 2*m**2 - 7*m + 3. Let c be u(3). Suppose -5*a + c = -65. Calculate the remainder when 23 is divided by a.
10
Suppose -2*h - 2*h + 168 = 0. What is the remainder when h is divided by 22?
20
Calculate the remainder when 105 is divided by (-4 + 0)/(1/(-3)).
9
Calculate the remainder when 4*(2 - (-106)/8) is divided by 16.
13
Let v(j) = 3*j**2 + 2*j + 16. Let k be v(-11). Suppose k = 5*o + 122. What is the remainder when o is divided by 16?
15
Let g(r) = r**2 - r - 14. Calculate the remainder when g(16) is divided by 57.
55
Let l = -17 + 65. Let p = 6 - 22. Let b = p + l. What is the remainder when b is divided by 11?
10
Let j be (-1)/(-2) - (-20)/8. Let g = 3 + 9. Calculate the remainder when 23/(j + 1 - 3) is divided by g.
11
Suppose 3*y - 4*w - 169 = 0, -w - 236 = -4*y + 11. What is the remainder when y is divided by ((-132)/18)/((-2)/6)?
19
Let h = -22 + 38. Suppose -14 = -2*n + h. Calculate the remainder when 28 is divided by n.
13
What is the remainder when ((-44)/(-6))/((-16)/(-72)) is divided by (-16 + (-4 - -2))*-1?
15
Suppose 59 = m + r, -4*m + 256 = -2*r + r. Let q = -20 + 33. What is the remainder when m is divided by q?
11
Calculate the remainder when 29 is divided by -8*5/(-100) + 96/10.
9
Let u = -463 + 660. What is the remainder when u is divided by 33?
32
What is the remainder when 131 is divided by 31 + (-5 - (-2)/2)?
23
Let h be 17 + 2 + 0/1. Let q = h + -8. Calculate the remainder when (-1)/(0 + (-1)/20) is divided by q.
9
Let m(y) = y**2 - 6*y + 2. Calculate the remainder when m(6) is divided by (2 - 1)*4/2.
0
Suppose -b + 264 = 2*b. What is the remainder when b is divided by 30?
28
Suppose -16 = -2*n - n + 4*b, -b + 29 = 2*n. Suppose 22 = -13*y + 14*y. Calculate the remainder when y is divided by n.
10
Suppose -p + 1 + 0 = 0, p - 115 = -3*d. Calculate the remainder when d is divided by 14.
10
Let o(s) be the second derivative of -3*s - 1/6*s**3 + 1/3*s**4 - 1/2*s**2 + 0. Calculate the remainder when 33 is divided by o(-2).
16
Let d(w) = -219*w**3 - w**2 - 4*w - 3. Calculate the remainder when d(-1) is divided by 10.
9
Let i = -73 + 47. Let f = i - -37. Calculate the remainder when 30 is divided by f.
8
Let p = 5 - 6. Let b be (-14)/(2/p + 1). Suppose 4*d - 6 = b. Calculate the remainder when 14 is divided by d.
4
Let l(m) = 12*m - 3. What is the remainder when l(3) is divided by 12?
9
Let a(o) = 4*o**2 - 8*o + 6. Let i be a(7). Let q = 0 + 9. What is the r